


{"id":581,"date":"2018-08-08T21:24:04","date_gmt":"2018-08-08T21:24:04","guid":{"rendered":"http:\/\/arcomundo.com\/?page_id=581"},"modified":"2018-08-08T21:24:11","modified_gmt":"2018-08-08T21:24:11","slug":"arco-pulso","status":"publish","type":"page","link":"https:\/\/arcomundo.com\/?page_id=581","title":{"rendered":"Arco Pulso"},"content":{"rendered":"<div><span style=\"font-family: Times;\">Arco Pulso is Guitar,\u00a0Bandolim, violin and viola performed in trio form. It is a newly formed venture of strings and percussion with Influences that include\u00a0Egbert Gismonti, Astor Piazzola, Heitor Villa Lobos, Milton Nascimiento, to Ornette Coleman. The\u00a0subtlety of rhythmic swinging string\u00a0improvising is heard and blended with master percussionist Sergio Krakowski and guitarist Q Morrow, as in this trio often a beautiful singing resonant bowed instrument is layered\u00a0throughout by Jim Nolet. As a group their compositions are high ended and advanced yet listenable. They can swing and slow to a crooning ballad sequence. It is a journey through world influences and heightened improvisations, yet their pieces contain a beginning, middle and an end.<br \/>\n.<br \/>\n.<br \/>\n.\u00a0<\/span><\/div>\n<div><\/div>\n<div><span style=\"font-family: Times;\">Jim Nolet<\/span><\/div>\n<div><span style=\"font-family: Times;\">See Biography on this site<br \/>\n.<br \/>\n<\/span><\/div>\n<div><\/div>\n<div>\n<div><span style=\"font-family: Times;\">Sergio Krakowski<\/span><\/div>\n<div><span style=\"font-family: Times;\">a master percussionist from Brazil, performed internationally within various creative music genres.\u00a0Sergio has shared the stage with artists such as Maria Beth\u00e2nia, Cyro Baptista, Gal Costa, Hermeto Pasqual, Cliff Korman, Chico C\u00e9sar, Chano Dom\u00ednguez, Hamilton de Holanda among others. He has been a member of the Edmar Casta\u00f1eda\u2019s World Music Ensemble, and has created a duo project with Cyro Baptista.<\/span><\/div>\n<div><span style=\"font-family: Times;\">\u00a0<\/span><\/div>\n<div><span style=\"font-family: Times;\">Guitarist Q Morrow<\/span><\/div>\n<div><span style=\"font-family: Times;\">Brooklyn resident, composer and improviser in world and jazz idioms including Brazilian Jazz, Choro, Karnatic, Argentina Tango, and Afro Cuban music as well.\u00a0\u00a0His jazz and world music studies include\u00a0Dr. Jayanthi Kumaresh of Bangalore, India, and North Texas State among others.\u00a0Aside from ArcoPulso his latest releases include \u201cAll Around Dude\u201d, and the recently released \u201cThere Are Stars in Brooklyn\u201d. Q is a regular on the New York club circuit such as 55 Bar, Cornelia St Cafe, Zinc Bar, his tours as a sideman and leader include many international venues and festivals.\u00a0<\/span><\/div>\n<\/div>\n","protected":false},"excerpt":{"rendered":"<p>Arco Pulso is Guitar,\u00a0Bandolim, violin and viola performed in trio form. It is a newly formed venture of strings and percussion with Influences that include\u00a0Egbert Gismonti, Astor Piazzola, Heitor Villa Lobos, Milton Nascimiento, to Ornette Coleman. The\u00a0subtlety of rhythmic swinging string\u00a0improvising is heard and blended with master percussionist Sergio Krakowski and guitarist Q Morrow, as &hellip; <\/p>\n<p class=\"link-more\"><a href=\"https:\/\/arcomundo.com\/?page_id=581\" class=\"more-link\">Continue reading<span class=\"screen-reader-text\"> &#8220;Arco Pulso&#8221;<\/span><\/a><\/p>\n","protected":false},"author":1,"featured_media":0,"parent":0,"menu_order":0,"comment_status":"closed","ping_status":"closed","template":"","meta":{"_monsterinsights_skip_tracking":false,"_monsterinsights_sitenote_active":false,"_monsterinsights_sitenote_note":"","_monsterinsights_sitenote_category":0,"footnotes":""},"_links":{"self":[{"href":"https:\/\/arcomundo.com\/index.php?rest_route=\/wp\/v2\/pages\/581"}],"collection":[{"href":"https:\/\/arcomundo.com\/index.php?rest_route=\/wp\/v2\/pages"}],"about":[{"href":"https:\/\/arcomundo.com\/index.php?rest_route=\/wp\/v2\/types\/page"}],"author":[{"embeddable":true,"href":"https:\/\/arcomundo.com\/index.php?rest_route=\/wp\/v2\/users\/1"}],"replies":[{"embeddable":true,"href":"https:\/\/arcomundo.com\/index.php?rest_route=%2Fwp%2Fv2%2Fcomments&post=581"}],"version-history":[{"count":7,"href":"https:\/\/arcomundo.com\/index.php?rest_route=\/wp\/v2\/pages\/581\/revisions"}],"predecessor-version":[{"id":588,"href":"https:\/\/arcomundo.com\/index.php?rest_route=\/wp\/v2\/pages\/581\/revisions\/588"}],"wp:attachment":[{"href":"https:\/\/arcomundo.com\/index.php?rest_route=%2Fwp%2Fv2%2Fmedia&parent=581"}],"curies":[{"name":"wp","href":"https:\/\/api.w.org\/{rel}","templated":true}]}}